5*k + r*g, k = -g - 2*g + 5. Calculate the highest common divisor of 12 and k.
4
Let l = -437 + 864. What is the greatest common divisor of 122 and l?
61
Let y(z) = z**3 + 6*z**2 - z - 5. Let j be y(-5). Let w = j + 10. Let d be (-1)/3 - w/(-15). What is the greatest common factor of d and 22?
2
Let w(s) = 25*s - 63. Let i be w(3). Calculate the highest common divisor of 42 and i.
6
Let i(u) = -16*u - 8. Let f = 89 - 59. Let c be (f/25)/(3/(-20)). Let d be i(c). What is the greatest common divisor of 20 and d?
20
Suppose 5*r - 19 = 4*d + 16, -r + 5*d + 28 = 0. Let z be 99*((-4)/6)/(-2). Calculate the highest common factor of z and r.
3
Let c be 2534/6*(-12)/(-4). Calculate the greatest common divisor of c and 7.
7
Let b(v) = v**2 + 14*v - 23. Let u be b(-17). Let z be (-7)/u + (-482)/(-8). What is the greatest common factor of z and 6?
6
Let w = -184 + 264. Calculate the greatest common divisor of w and 20.
20
Let s = -8 + 23. Let j = 259 - 244. Calculate the greatest common divisor of s and j.
15
Let q(k) = 2*k**2 + 15*k + 10. Let z be q(-7). Suppose z*j = -9*j + 288. Suppose n = 2*n - 6. Calculate the greatest common factor of n and j.
6
Suppose 247*q = 302*q - 19635. Calculate the greatest common divisor of 204 and q.
51
Let f(q) = 2*q**2 + 12*q - 86. Let z be f(5). Calculate the highest common factor of z and 768.
24
Let l = 1283 - 438. What is the highest common divisor of l and 130?
65
Let t(p) = 4*p + 1. Let c(x) = -7*x - 2. Let v(g) = 3*c(g) + 5*t(g). Let f be v(-6). Let k be f/15 + 88/6. Calculate the greatest common divisor of 5 and k.
5
Let i be (-6)/14 - (-7)/147*93. What is the highest common factor of i and 44?
4
Suppose 286 = 6*d - 584. Let f = d + -126. What is the greatest common divisor of f and 19?
19
Let n = 33 - 34. Let h be n - -4 - (-14)/14. Suppose 3 = -3*i - 4*p + 1, 3*i = -3*p + 3. Calculate the highest common factor of h and i.
2
Suppose -2*b = -3*r + 2*r + 1081, -3*b = -3. Suppose 6*j = 597 + r. Calculate the highest common factor of 28 and j.
28
Let j = -392 - -399. Calculate the greatest common factor of j and 1477.
7
Let r be 35/245 - (-118)/7. Calculate the highest common divisor of 459 and r.
17
Suppose 2*s = -6 + 14, 3*x = 5*s + 67. Let d be 1/(1*1/(-15)). Let t = d + x. What is the greatest common divisor of 21 and t?
7
Let r(y) = y**3 + 6*y**2 - 82*y - 300. Let q be r(-4). Suppose 3*m = 4*m - 2*o - 2, o = -2*m + 29. Calculate the highest common factor of q and m.
12
Let y = -107 + 106. Let l be y/(-5) - (-20)/25. Calculate the greatest common factor of 13 and l.
1
Suppose -4*m + 32 = -2*m. Let n = 8481 - 8465. What is the highest common factor of m and n?
16
Let r be (6/(-4))/((-2)/4). Let n(l) = l**3 - 10*l**2 - l + 10. Let d be n(10). Suppose -2*u + 5*u - 81 = d. What is the highest common divisor of u and r?
3
Let a = -22 + 18. Let m = a + 34. Calculate the greatest common factor of 75 and m.
15
Suppose -24 + 61 = 37*c. What is the highest common factor of 41 and c?
1
Let m = 1370 + -1363. What is the greatest common factor of m and 91?
7
Let z be (-70)/28*-242 - 5/1. What is the greatest common divisor of z and 3?
3
Suppose 12 + 6 = -2*r. Let o be -258*((-15)/r)/(-5) - 1. Calculate the greatest common divisor of o and 17.
17
Let s be -1*(3 + -2)*-1. Let o be s + -1 - (-12)/1. Let x(k) = 2*k**3 + 43*k**2 + 57*k - 52. Let y be x(-20). What is the highest common divisor of o and y?
4
Let t = 246 + -234. What is the greatest common divisor of 6 and t?
6
Suppose 4*r - 4*g = 3720, -3*r + 4*r - 2*g - 928 = 0. Calculate the highest common factor of 4 and r.
4
Suppose 4*g - 2*d = -6, -d - d = 3*g + 8. Let j be g + 1 + 5/((-5)/(-17)). What is the greatest common factor of 64 and j?
16
Let u(w) = 3*w**3 - 17*w**2 - 9. Let t be u(6). Calculate the highest common factor of t and 513.
27
Suppose -3 = -2*l + 3. Let u be (18/12)/(l/2). What is the highest common divisor of u and 5?
1
Let u(v) be the third derivative of -v**5/30 + 7*v**4/4 + 5*v**3/2 + 15*v**2. Let j be u(21). What is the greatest common factor of j and 3?
3
Let h = -79 + 169. Suppose 0*m = -2*m + h. Calculate the highest common divisor of m and 9.
9
Suppose -15 + 103 = 44*f. Calculate the highest common divisor of 3 and f.
1
Suppose -2*a = m - 103, 0*m = 2*a - 5*m - 73. Let z(g) = -2*g**3 - 26*g**2 - 91*g - 1169. Let q be z(-13). Calculate the greatest common divisor of q and a.
7
Let g(r) = -r**2 - 12*r + 7. Let q be g(-12). Suppose -q*j + 18 = -5*j. Let s(n) = 12*n - 27. Let b be s(6). What is the greatest common divisor of j and b?
9
Let t = 1261 + -1249. Calculate the greatest common factor of t and 372.
12
Suppose -v = -4*v + 18. Let k = 18 + 6. Calculate the highest common factor of k and v.
6
Let r(q) = q**2 + 21*q + 9. Let y be r(-23). Let a = 4 - -18. Calculate the highest common divisor of a and y.
11
Let g = 178 + -123. Let x(b) = -28*b - 73. Let l be x(-3). Calculate the highest common divisor of g and l.
11
Let l be 4*-1*9/(-2). Let x(f) = -f**2 + 5*f - 4. Let h be x(3). Calculate the highest common factor of h and l.
2
Let s(m) = 20*m**2 + 2*m - 1. Let b be s(1). Let z = b + 15. Let h = 2 - -2. What is the highest common divisor of h and z?
4
Let r(p) = 15 - 37 - 58*p - 4. Let x be r(-6). What is the highest common divisor of x and 46?
46
Let q be 3*2/(4/14*1). Suppose -5*u + 5*b = -2*u - q, 35 = 5*u + 5*b. Calculate the highest common factor of 77 and u.
7
Let a(u) = -17*u - 21. Let k = -26 - -13. Let o be a(k). Calculate the greatest common factor of o and 25.
25
Suppose n - 3*k - 36 = 0, -40 = -83*n + 82*n + 4*k. Calculate the highest common factor of 21 and n.
3
Let i be 6840/(-12)*(-1)/2. Suppose 0 = -2*p - 2*q + 1136, p = -5*q + i + 267. What is the greatest common factor of 52 and p?
52
Suppose -4*m + c = 491 + 398, -211 = m + 2*c. Let p = 405 + m. What is the greatest common factor of p and 23?
23
Let u be ((-171)/27 - (-7 + 0))*507. What is the greatest common factor of 78 and u?
26
Let m be -6*4/6 + 12 + 8. Let n be (-2)/3*(-3 - 0). Suppose 60 = v + n*x, 0 = 6*v - 2*v + x - 254. Calculate the greatest common divisor of m and v.
16
Let u = 79 - -436. Calculate the highest common factor of u and 5.
5
Let s(u) = -8*u**3 - u - 1. Let d be s(-1). Let x be (1 - 24/(-4)) + -3. Suppose 182 = x*m + 54. What is the highest common factor of d and m?
8
Let y = 10 + 190. Let x(u) = 7*u**2 - 2*u. Let n be x(-4). Suppose q - 152 + 26 = -5*w, 5*q = 5*w - n. What is the greatest common factor of y and w?
25
Let y(c) = 8*c - 5. Let w be y(4). Let m = -369 + 411. Let g = m - w. What is the greatest common factor of g and 105?
15
Suppose -2 + 26 = -4*p. Let v(m) = -m**3 - 5*m**2 + 7*m + 14. Let f be v(p). Suppose f*u + 168 = 12*u. Calculate the greatest common factor of 63 and u.
21
Suppose 319 = 14*d - 661. What is the highest common factor of d and 126?
14
Suppose 0 = -2*j + 4, -3*p = -0*j + 2*j - 319. What is the highest common divisor of p and 45?
15
Suppose -1753 + 2221 = 2*x. Suppose 2*g + 2*a = 4*a + 44, g - 10 = 4*a. Calculate the highest common divisor of x and g.
26
Let j be -12*(-2 - (-10)/4). Let y be j + -3*(-1)/3. Let n = 4 - y. What is the greatest common divisor of n and 9?
9
Let a = 79 - 66. Calculate the greatest common divisor of a and 13.
13
Suppose 0 = 3*v + 2*v - 25. Suppose -821 = -4*z + v*m, m + 0*m + 833 = 4*z. Calculate the greatest common factor of 19 and z.
19
Let w be (10*3/12 + -1)*2. Suppose w*y = z + 4*y - 13, 5*z - 100 = 2*y. What is the greatest common divisor of z and 180?
18
Let o(i) = 5*i**2 + 12*i - 49. Let z be o(3). What is the greatest common factor of 4512 and z?
32
Suppose 0 = 5*n, n + 126 = 3*k - 0*k. What is the greatest common factor of 3 and k?
3
Let o(m) = m - 10. Let h be o(7). Let r be 11 - 5 - (h + 1). Suppose -5*i = 4*g - 80, -g = 4*i - 11 - 42. What is the highest common factor of r and i?
4
Let w(g) = g**2 + 32*g - 50. Let z be w(9). Calculate the highest common factor of z and 55.
11
Let h = 47 + -45. Suppose -5*x + 45 = -2*k + 6*k, 30 = 4*x + h*k. What is the greatest common divisor of 10 and x?
5
Let s = -32 + 40. Suppose -u + 3*u - s = -2*t, 5*t - 35 = -2*u. Suppose 5*i = -3 + 8. What is the greatest common factor of i and t?
1
Let u(w) = -w**3 + 30*w**2 + 11*w - 27. Let g be u(27). What